of 62648035 and 19.
19
Calculate the greatest common divisor of 798782258 and 6918.
2306
Calculate the highest common divisor of 10311262 and 3952.
494
What is the greatest common divisor of 14552164 and 396?
44
What is the highest common factor of 1816359 and 560385?
1779
What is the highest common divisor of 254 and 211587969?
127
Calculate the greatest common divisor of 713 and 61893414.
23
What is the highest common divisor of 1420606 and 1984?
62
Calculate the greatest common divisor of 19220 and 40083.
31
Calculate the highest common divisor of 630 and 40660560.
90
Calculate the highest common divisor of 21710087 and 392.
49
What is the greatest common divisor of 3039379 and 32249?
119
What is the greatest common factor of 4405058 and 232106?
826
Calculate the greatest common factor of 468 and 161633376.
36
What is the highest common factor of 4205 and 4554305?
145
Calculate the greatest common factor of 112378081 and 658.
47
Calculate the highest common factor of 16412500 and 1040.
260
Calculate the greatest common factor of 15401708 and 7.
7
What is the greatest common divisor of 890873 and 3987?
443
Calculate the greatest common factor of 19636299 and 87.
3
Calculate the greatest common divisor of 22354963 and 57.
19
Calculate the greatest common divisor of 160 and 18740.
20
Calculate the highest common factor of 198 and 131385012.
66
What is the greatest common divisor of 54816 and 576710?
1142
Calculate the greatest common factor of 8988 and 3850.
14
What is the greatest common factor of 360338 and 17303?
121
Calculate the greatest common factor of 25371988 and 12.
4
Calculate the greatest common divisor of 460 and 5203360.
20
What is the highest common divisor of 279112 and 775088?
2008
What is the greatest common factor of 3636 and 595294?
202
Calculate the highest common factor of 2531144 and 228536.
4312
What is the highest common divisor of 18055 and 235693581?
3611
What is the highest common divisor of 1133305 and 26945?
85
What is the highest common factor of 621 and 153603?
27
What is the greatest common factor of 536563867 and 49?
49
Calculate the greatest common factor of 5196 and 3244036.
1732
What is the greatest common factor of 99274600 and 1000?
200
Calculate the highest common factor of 1176 and 269424.
24
Calculate the greatest common divisor of 3564 and 206250.
66
Calculate the highest common factor of 41612424 and 84.
84
Calculate the highest common factor of 55 and 47169595.
55
Calculate the highest common divisor of 2137824 and 2496.
1248
What is the highest common factor of 1721646 and 6363?
909
Calculate the greatest common factor of 13741 and 628009.
151
What is the highest common divisor of 133779 and 147687?
57
What is the highest common factor of 27 and 31441140?
9
Calculate the highest common divisor of 30 and 252324834.
6
Calculate the highest common factor of 131383512 and 104.
104
Calculate the greatest common divisor of 9964971 and 1431.
27
Calculate the greatest common divisor of 512 and 30641856.
64
What is the greatest common divisor of 12021939 and 108?
27
Calculate the highest common divisor of 9665562 and 24.
6
What is the greatest common factor of 19936 and 7584402?
1246
What is the greatest common factor of 96624 and 10126?
122
What is the greatest common factor of 10082 and 6106?
142
Calculate the greatest common divisor of 13974453 and 5803.
829
What is the highest common divisor of 1646381730 and 7980?
3990
What is the greatest common divisor of 13341 and 192?
3
What is the highest common factor of 148405 and 105?
5
Calculate the greatest common divisor of 856 and 289007.
107
Calculate the greatest common divisor of 53679 and 159297.
87
What is the highest common factor of 2009 and 5211264?
41
What is the highest common divisor of 11802636 and 44?
4
Calculate the greatest common divisor of 269239387 and 6987.
2329
What is the highest common factor of 1802 and 118786939?
901
Calculate the highest common divisor of 28290 and 137874144.
5658
Calculate the greatest common factor of 185 and 41378950.
185
Calculate the greatest common divisor of 16 and 7225744.
16
Calculate the greatest common factor of 2001051 and 1404.
351
Calculate the greatest common factor of 4480 and 6715920.
80
Calculate the highest common divisor of 9 and 270172251.
9
Calculate the highest common factor of 426435 and 10080.
15
Calculate the highest common factor of 91674 and 3350358.
198
Calculate the greatest common factor of 303 and 2102959784.
101
What is the highest common divisor of 257798222 and 2474?
2474
What is the greatest common factor of 7581675 and 1650?
75
What is the greatest common factor of 2569938 and 387?
129
Calculate the highest common factor of 2146 and 942703.
29
What is the greatest common factor of 387431872 and 1472?
1472
What is the greatest common divisor of 341214 and 31164?
318
What is the greatest common divisor of 15 and 32305605?
15
Calculate the highest common factor of 68885 and 114310.
115
Calculate the greatest common divisor of 19728386 and 8.
2
Calculate the highest common divisor of 6313188 and 9492.
84
Calculate the highest common factor of 768 and 3555696.
48
What is the highest common factor of 6240 and 6981416?
104
What is the highest common divisor of 22 and 118923838?
22
Calculate the highest common divisor of 5 and 663199.
1
What is the greatest common divisor of 1860 and 759180?
60
Calculate the highest common factor of 305439 and 2835447.
2703
What is the greatest common divisor of 533 and 105746667?
533
Calculate the highest common factor of 1121824 and 1936.
176
What is the greatest common factor of 78437150 and 1496?
374
Calculate the highest common factor of 8442 and 7828.
2
What is the highest common divisor of 1044597625 and 125?
125
What is the highest common divisor of 5149625 and 975?
325
What is the greatest common divisor of 49 and 416316103?
49
Calculate the highest common factor of 62090 and 1624.
14
What is the highest common divisor of 1610 and 665?
35
What is the greatest common factor of 574410 and 597780?
1230
What is the highest common factor of 47134837 and 129?
43
What is the greatest common divisor of 40095 and 304524?
99
What is the greatest common divisor of 620 and 1760980?
20
Calculate the greatest common factor of 66453 and 45762663.
3909
Calculate the highest common divisor of 21 and 3087105.
21
Calculate the highest common divisor of 108 and 42895572.
12
What is the highest common factor of 4937590 and 140?
70
Calculate the highest common divisor of 2009121943 and 29.
29
Calculate the highest common factor of 116983941 and 1682.
841
Calculate the highest common factor of 15295232 and 3008.
64
What is the highest common factor of 6558464 and 831232?
4352
What is the highest common divisor of 322 and 1385300?
14
What is the greatest common divisor of 1776 and 3004696?
296
Calculate the highest common divisor of 5508 and 1278.
18
Calculate the highest common divisor of 304 and 8472832.
16
Calculate the highest common factor of 34686 and 4721103.
423
What is the highest common divisor of 2013582 and 2280?
114
What is the greatest common factor of 864 and 35272?
8
What is the greatest common divisor of 177503 and 952?
1
What is the highest common divisor of 61 and 466488167?
61
What is the highest common factor of 1009274604 and 8892?
2964
Calculate the highest common divisor of 424 and 3192092.
4
What is the highest common divisor of 1210 and 35154614?
242
What is the greatest common factor of 762643 and 1603?
7
What is the greatest common factor of 4190462 and 322?
46
Calculate the greatest common factor of 578 and 8086798.
578
Calculate the highest common factor of 145217 and 21185.
19
Calculate the highest common divisor of 598 and 2496442.
26
What is the greatest common factor of 862986888 and 2846?
2846
Calculate the highest common factor of 104472839 and 158.
79
What is the highest common factor of 3454198404 and 38?
38
Calculate the greatest common divisor of 2785910 and 130.
10
What is the highest common factor of 500000 and 1058400?
800
What is the greatest common factor of 43043 and 478779587?
6149
Calculate the greatest common divisor of 757487 and 2.
1
What is the highest common factor of 76662891 and 171?
171
What is the greatest c